(r) - 6*h(r). What are the prime factors of k(1)?
2, 11
Let r(g) = -g**3 + 2*g**2 - 4*g. Let t be r(4). Let k = 64 - t. Let d = -81 + k. List the prime factors of d.
31
Let g be 3/6*(358 + (4 - 4)). Let p = 537 - g. List the prime factors of p.
2, 179
Let l be (1/(-3))/((-2)/(-138)). What are the prime factors of 16 + l - (3 - 1204)?
2, 3, 199
Let j = -20 + 20. Let a be 6 - (j + 3) - 0. What are the prime factors of 272/a - (-12)/(-18)?
2, 3, 5
Let k be (1 - -1)*(3 - (-5 + -1)). Let g be (-742)/63 + (-4)/18. List the prime factors of g/k*(-978)/4.
163
Suppose 486*w + 30181 = 491*w - 4*p, -3*p = 3*w - 18141. What are the prime factors of w?
7, 863
Let g = 119 - 593. Let z = g + 718. Let y = z - 133. List the prime factors of y.
3, 37
Let n be 1*1/3*30/10. Let f(z) = 214*z + 3. Let v be f(n). Let h = v + -137. List the prime factors of h.
2, 5
Let m = 153 + -66. Suppose 5*f - 7*b = -3*b + 140, -m = -3*f + 3*b. List the prime factors of f.
2, 3
Suppose 117*k + 1666340 = 233*k. What are the prime factors of k?
5, 13, 17
Suppose -4 = 2*w, 5*t - 3*w + 17843 = 4*t. What are the prime factors of (t/(-39))/((-6)/(-18))?
1373
Let x be (-5)/(-80)*2 + 15486/16. Suppose b + 2*z - 494 = 0, -2*z + x = 2*b - 3*z. What are the prime factors of b?
2, 3
Let t(u) = 9*u**2 - 3 - 20 - u - 1 - u**3 + 2*u**2. Let p be t(11). Let w = p - -48. List the prime factors of w.
13
Suppose 2*u + 1739 = 4*a - 14195, -5*u - 19910 = -5*a. List the prime factors of a.
5, 797
Let y be 1302/(-28)*(-210)/9. Suppose -8*f = -y - 179. List the prime factors of f.
2, 79
Let r = 889 - 507. Let u = -304 + r. List the prime factors of u.
2, 3, 13
Let p(j) be the third derivative of j**5/60 - j**4/6 + 5*j**3/6 - 101*j**2. List the prime factors of p(-11).
2, 5, 17
Let x = 90 - 167. Let k = x - 8. What are the prime factors of 1/(-5) + (-1462)/k?
17
List the prime factors of ((-75)/6 + 12)*(-51603 - (-8 + 3)).
25799
Suppose 0 = -5*o - 28*a + 30*a + 26, 0 = 5*o + 5*a - 5. What are the prime factors of (2/(-4))/(o*(-2)/16032)?
2, 3, 167
Let i(q) = -q**2 + 16*q + 30. Let s be i(18). Let g be (2/12*16)/((-4)/s). Suppose -3 = -2*v + 3*o, v + 27 = g*v + 3*o. What are the prime factors of v?
2, 3
Let q = -5076 + 23008. What are the prime factors of q?
2, 4483
Let q(m) = 27*m - 30. Let u = -89 + 142. What are the prime factors of q(u)?
3, 467
Suppose 11664 = -110*j + 119*j. Suppose z = -0*z + 5*d + j, 0 = -2*z + d + 2592. What are the prime factors of z?
2, 3
Suppose -5*x + 3 = 8, -5*j + 5*x = -5. Suppose j = -2*p + 564 + 652. What are the prime factors of p?
2, 19
Let s = -2521 - -3711. Suppose -s - 598 = -4*t. List the prime factors of t.
3, 149
Let q(h) = 1438*h + 122. List the prime factors of q(4).
2, 3, 11, 89
Let k(q) = 150*q**2 + 211*q + 1. What are the prime factors of k(5)?
2, 3, 89
Let p(r) = 2995*r**2 - 138*r + 280. What are the prime factors of p(2)?
2, 7, 107
Suppose 4*f = -2*o - 42, 2*o + o + 3*f + 48 = 0. Let g be (o + 0)/(2 - 3). Suppose 519 - 24 = g*s. List the prime factors of s.
3, 5
Let b = 19 + -20. List the prime factors of b/(-4) + 40785/60.
2, 5, 17
Suppose 5*r - 17*r + 109740 = 0. List the prime factors of r.
5, 31, 59
Suppose 3*b - 4*r = -0*r - 6, -10 = 5*b - 3*r. What are the prime factors of (3 + b + 0)*(-523)/(-1)?
523
Suppose 2*u - 5*k - 283 = 0, -114*k + 472 = 3*u - 112*k. What are the prime factors of u?
2, 7, 11
Let s(c) = -c**3 + 59*c**2 + 38*c + 581. What are the prime factors of s(53)?
3, 2161
Suppose 133195 = 538*g - 521*g. List the prime factors of g.
5, 1567
Let j = -294 - -1194. Suppose -3*x + j = -0*b + 3*b, -b - 4*x + 303 = 0. Let f = b + -172. List the prime factors of f.
127
Suppose 5*o = 2*u - 3*u + 222, 3*u - 4*o = 742. Let l = u + -166. Let t = l + 24. What are the prime factors of t?
2, 5
Let o = 16372 + -9365. What are the prime factors of o?
7, 11, 13
Let o(m) = m**3 + 5*m**2 - 16*m + 7. Suppose -4*j + 5*r + 49 = 0, -13 = -3*j + 4*r + 25. What are the prime factors of o(j)?
307
Suppose -n + 16 = n. Let i(c) be the third derivative of c**6/120 - c**5/12 + c**4/4 + 13*c**3/6 - 736*c**2. List the prime factors of i(n).
11, 23
Suppose -7794 = 13*w - 12070 - 30304. What are the prime factors of w?
2, 5, 7, 19
Suppose 4*f = j - 0*f - 241, 0 = -f - 3. Let p = 281 - j. What are the prime factors of p?
2, 13
Suppose -a = 25*k - 28*k + 2012, -4*k = -a - 2682. What are the prime factors of k?
2, 5, 67
Let t(a) = 450*a**2 + 116*a - 19. What are the prime factors of t(-5)?
10651
Let f = 58 - 54. Suppose -g + 5*q - 22 = g, -f*q = -16. What are the prime factors of (-1 - 0)/g*(64 + 0)?
2
Let a = 115547 + -58304. What are the prime factors of a?
3, 19081
Let v(p) = p**2 - 8*p + 1. Let i be v(7). Let o(y) = -y**2 - 8*y - 12. Let m be o(i). Suppose 2*t = m, 0 = -a - 3*t + 5. List the prime factors of a.
5
Let y = 482 + -222. Let a = 378 - y. What are the prime factors of a?
2, 59
Let l(d) = -2*d**2 - 4*d + 61. Let f be l(10). Let o = f - -277. List the prime factors of o.
2, 7
Suppose 19900 = 8*h + 12*h. Suppose 293 + h = 2*l. What are the prime factors of l?
2, 7, 23
Let h be (2 - 40/15)/(8/(-780)). Suppose -1 - 44 = -3*x. Suppose 5*v - x = h. List the prime factors of v.
2
Suppose -5*f - 8 = -8. Suppose f = -2*g + 14. Suppose -g*q + 392 = q. What are the prime factors of q?
7
Let b be (-125)/((26/1495)/((-24)/10)). Suppose -b = -36*k - 3786. What are the prime factors of k?
2, 11, 17
Suppose -4*w = 4, 0 = 2*i + i - 5*w - 14. Let l(v) = -v + 5. Let z be l(i). Suppose 3*o - z*y - 317 = -0*o, -5*o + 519 = -y. What are the prime factors of o?
103
Let b = 35 + -53. Let r = b + 6. List the prime factors of (-20 - -2)*r/8.
3
Suppose -56*o + 2153324 = -1078324. What are the prime factors of o?
2, 3, 7, 229
Let j = 28 - 30. Let h be (j + 4)*((-147)/(-6) + -4). Suppose -2*b + h = -177. What are the prime factors of b?
109
Let z(o) = 12*o**3 - 11*o**2 + 16*o + 384. What are the prime factors of z(11)?
3, 563
Let p = 7139 - 5082. List the prime factors of p.
11, 17
Suppose 296*w - 329*w + 142395 = 0. What are the prime factors of w?
5, 863
Let i(o) = 96*o**2 - 6*o - 1. Let a = -67 - -69. What are the prime factors of i(a)?
7, 53
Suppose h + 6*h - 14 = 0. Let b be (8525/100)/(h/(-8)). Let c = b + 507. List the prime factors of c.
2, 83
Suppose 20*k + 300683 - 145491 = 1204752. List the prime factors of k.
2, 19, 1381
Suppose -5*a = 4*g - 75915, -539*a + 540*a = -3*g + 56939. What are the prime factors of g?
2, 5, 13, 73
Suppose 0 = 2*a - g - 11, -33*a + 37*a - 4*g - 20 = 0. Suppose -2*l + 2*i = -260, -2*l = -i - a - 258. What are the prime factors of l?
2, 67
Let b(s) = -9*s + 9. Let p be b(1). Suppose -2925 = -5*n - p*n. What are the prime factors of n?
3, 5, 13
What are the prime factors of (-226930)/(-9) - (6 - (7000/45)/28)?
2, 7, 1801
Let u(g) be the second derivative of 697*g**3/6 - 19*g**2/2 - 42*g - 1. List the prime factors of u(1).
2, 3, 113
Suppose 3*d - 10 = -2*d + 5*w, -2*d + w = -5. Suppose -j + d*i = 2, 5*j = -0*j + 4*i - 21. Let v(k) = 3*k**2 - 4*k - 6. List the prime factors of v(j).
89
Suppose 2 = -3*h - h - 2*r, -3*h + 4*r = -4. Suppose -b - 5*l + h*l = -418, -4 = 4*l. What are the prime factors of b?
3, 47
Let x(h) = -2729*h - 1744. List the prime factors of x(-5).
3, 3967
Let c = -63 - -83. Suppose 8*o - 4*o - c = 0. Suppose -o*x + 2*k = -x - 654, -k + 325 = 2*x. List the prime factors of x.
163
Let x(k) = -2803*k - 950. What are the prime factors of x(-3)?
7459
Suppose -5*o + 0*b + 204 = 3*b, -8 = 4*b. List the prime factors of 8*1169/o*3.
2, 167
Let w = -7866 - -14640. What are the prime factors of w?
2, 3, 1129
Let a = -65 + 67. Suppose 10*h - a = 9*h. Suppose -3*k + u = -407, 2*k = -h*k - 3*u + 521. List the prime factors of k.
2, 67
Let j = 10 - 18. Let c be 9/12 - (1 + 2314/j). Let i = c - 180. What are the prime factors of i?
109
Let x(i) = -6100*i**3 + i**2 + 9*i + 9. List the prime factors of x(-1).
6101
Let f(h) = 2*h**3 + 3*h**2 - 4*h - 1. Suppose 0*r + r = p - 1, 3*p = -5*r + 27. Let b be f(r). Suppose 242 = 5*u - b. List the prime factors of u.
2, 31
Let p be (-2)/1*(1 - 9). Suppose -3*k + 7*k = p. Suppose -v + k*j = -116, 3*v - 305 - 83 = 4*j. List the prime factors of v.
2, 17
Suppose 184*a = 36519 + 2057953. What are the prime factors o